hen 182 is divided by x(12).
27
Suppose 0 = 9*m - 49 - 509. Suppose 0 = -6*y + 2*y + 20. Let h(n) = n + 11. What is the remainder when m is divided by h(y)?
14
Suppose 10 + 2 = -4*q - 4*v, 5*q + 3*v = -5. Suppose 5*u - 120 = -0*w - 3*w, -q*u = -w + 51. Calculate the remainder when w is divided by 12.
9
Calculate the remainder when 65/20 + 3 - (-7)/(-28) is divided by 4.
2
Let g(s) = -2*s**3 + s**2 - 8*s - 11. Let m(f) = 3*f**3 - f**2 + 16*f + 21. Let y(v) = 5*g(v) + 3*m(v). What is the remainder when y(-4) is divided by 25?
22
Calculate the remainder when 119 is divided by -2 - 320/(-12) - (-1)/3.
19
Let d = 1077 + -966. Calculate the remainder when d is divided by 19.
16
Suppose 12*i = 2625 - 1041. Let f(g) = 3*g**3 + g**2 - 1. What is the remainder when i is divided by f(2)?
24
Let u = -6031 + 6078. Let a be 0 - 7*(-5 + -2). Suppose 5*q - 169 = -a. What is the remainder when u is divided by q?
23
Suppose -2*r - r = -216. Calculate the remainder when r is divided by (-38)/(3/3)*2/(-4).
15
Calculate the remainder when ((-80)/(-4))/4 + 252 + -16 is divided by 63.
52
Let d = -6 - 110. Let f(s) = -7*s + 178. What is the remainder when 6/(-4)*d/6 is divided by f(24)?
9
Suppose -4*h - 18 = -262. Calculate the remainder when 78 is divided by h.
17
Let f(d) = -8*d - 4. Let j be f(3). Let a = 22 + -37. Let g = a - j. Calculate the remainder when 75 is divided by g.
10
Suppose 40 = -2*q + 3*z + 150, -260 = -4*q - 4*z. What is the remainder when 191 is divided by q?
8
Let t be (15 - 3)/3 - 0. Suppose t*f = 20, 60 + 78 = -3*l + 3*f. Let y = -19 - l. Calculate the remainder when 41 is divided by y.
19
Let d = -2 - -8. Suppose -m = 3 - 30. What is the remainder when m is divided by d/(-24) + (-122)/(-8)?
12
Let a(p) = -p - 9. Let v be a(-12). Suppose -v*g + z = -142, -46 = -2*g + 3*z + 37. Calculate the remainder when g is divided by 25.
24
Let d(t) = -t + 84. Let z be d(28). Suppose z*w = 53*w + 180. What is the remainder when 297 is divided by w?
57
Let s(g) = g - 7. Let z be s(6). Let h(q) = -q**2 - 13*q + 1. Let c be h(-13). Calculate the remainder when 31 is divided by c + z + 1 + 15.
15
Suppose 0 = -5*s + 20, 2*x - 3*s + 112 = 6*x. Calculate the remainder when x is divided by 7.
4
Suppose -j = -2*g - g - 561, 3*j = 4*g + 1683. Suppose j = 5*t + 196. Suppose -2*i + i = -t. Calculate the remainder when i is divided by 19.
16
Calculate the remainder when 132 is divided by 8/(-12)*((-1410)/20)/1.
38
Calculate the remainder when 533 is divided by (-19 - -20)/((-4)/(-308)).
71
Suppose -2*v + 67 = -5*s, -v + s + 125 = 3*v. Let q = 8 + 3. Calculate the remainder when v is divided by q.
9
Suppose 0 = -0*b - 12*b + 504. Suppose -47*k = -b*k - 65. What is the remainder when 50 is divided by k?
11
Calculate the remainder when ((-2106)/(-30) + -9)/((-2)/(-5)) is divided by 7.
6
Let a = 30 + -29. What is the remainder when 13 is divided by (-8)/(-3) + a/3?
1
Suppose 339*a - 578 = 338*a. Calculate the remainder when a is divided by 59.
47
Suppose x + 4*h = 3*x - 24, 0 = 5*h + 20. Suppose -4*u = b - 16, x*b = -3*u - u + 76. What is the remainder when 38 is divided by b?
18
What is the remainder when 1212/6*((165/(-10))/11)/(-3) is divided by 34*(0 + 1 + 0)?
33
Let b(z) = -2*z - 7. Let p be b(-4). Suppose -3*i - 2 - p = 2*g, -5*g = -i - 18. Calculate the remainder when g is divided by 2.
1
Let o(k) = 7*k**2 + 9*k - 7. What is the remainder when 43 is divided by o(1)?
7
Suppose -7*o = -8*o + 3. Suppose -2*y = o*z - 154, -4*y + 3 = -7*y. What is the remainder when z is divided by (-2)/(-8) - (-71)/4?
16
Suppose 3*k + 45 = 5*k + j, -25 = 5*j. Calculate the remainder when 139 is divided by k.
14
Let s(l) = 11*l**2 - 18*l + 13. What is the remainder when s(-6) is divided by 104?
101
Suppose -4*u + 249 = -2*q + u, 2*q + u + 243 = 0. Calculate the remainder when (-13)/52 - q/8 is divided by 4.
3
Let s(a) = -a**2 - 9*a - 10. Let h = -12 - -28. What is the remainder when h is divided by s(-4)?
6
Let j = 1 - -26. Suppose 0 = 4*s - 16, 3*a - s - s = 7. Suppose 36 = a*y + m, 4*y - 5*m + 11 = 34. What is the remainder when j is divided by y?
6
Suppose 8 + 24 = 4*q. Let n = 16 - q. Let l = 43 - n. Calculate the remainder when l is divided by 12.
11
Suppose -v - 2*m + 39 = 0, -66 = -4*v - m + 83. Calculate the remainder when v is divided by (20/(-30))/((-4)/78).
11
Suppose -5*s = -s - 2*h - 218, -4*s = h - 233. What is the remainder when 214 is divided by s?
43
Let m = -20 - -76. Let v(f) = f**3 - 6*f**2 + 8*f. What is the remainder when m is divided by v(5)?
11
Let m = -1544 - -1612. Suppose j + 2*z + 3*z - 19 = 0, 5*j - 2*z - 68 = 0. Calculate the remainder when m is divided by j.
12
Let r(t) = -t**3 + 6*t**2 + 6*t + 9. Suppose -v + 2*v = 3. Suppose 2*q + v = 3*q + 2*g, -4*q + 20 = 4*g. What is the remainder when 5 is divided by r(q)?
1
Let p(n) = 5*n - 13. Calculate the remainder when 83 is divided by p(5).
11
Suppose 11*q = -1007 + 2998. Calculate the remainder when q is divided by 53.
22
Let g = -24 - -25. Let n(q) = q + 13. Let z be n(-10). Suppose -16 = -4*a + 2*v, -a = -z*v - v - 11. Calculate the remainder when a is divided by g.
0
Let v(b) = -b**2 - 3*b + 2. Calculate the remainder when 9 + ((-12)/(-4))/3 is divided by v(-2).
2
Let v = -1974 - -2019. What is the remainder when 264 is divided by v?
39
Let g = 518 - 367. Calculate the remainder when g is divided by 13.
8
Let c = 625 - 571. What is the remainder when c is divided by 5?
4
Suppose -112*s + 475 = -107*s. Calculate the remainder when s is divided by 29.
8
Suppose 224 = 20*j - 256. Suppose 0 = 5*r + 3*t - 47, 4*r - 4 - 12 = 3*t. What is the remainder when j is divided by r?
3
Let f be 1*54*(-5)/(-10). Suppose 0 = 3*l - 5*z - 34, -2*l - 3*z - 4 = -z. Suppose 0*d = -l*d + f. Calculate the remainder when 15 is divided by d.
6
Suppose h = 14 - 1. What is the remainder when (-4)/(-14) - (-4460)/70 is divided by h?
12
Suppose -16*o + 44 = -12*o + 4*v, -o + 20 = 4*v. Calculate the remainder when 414 is divided by o.
6
Let r = 2 + 8. What is the remainder when 4/r + 452/20 is divided by (18/7)/(12/56)?
11
Suppose -16*t - 2*t + 2052 = 0. Calculate the remainder when t is divided by 21.
9
Let z(i) = i**2 + 10*i - 33. Suppose r + 4*r + 5*c = 440, 5*r + 2*c = 446. Calculate the remainder when r is divided by z(-14).
21
Let t be (-1)/(-1 + (-204)/(-207)). Suppose 4*x = 55 + t. Calculate the remainder when x is divided by 4.
3
Suppose 17*u - 14*u = 21. Calculate the remainder when u/(-42) + 254/12 is divided by 8.
5
Let f(o) be the first derivative of o**4/4 + 13*o**3/3 - o**2/2 + 6*o - 5. Let m = -22 + 9. What is the remainder when 55 is divided by f(m)?
17
Suppose 0 = -2*g + 26 - 6. Let m(a) be the third derivative of a**5/60 - a**4/8 + 19*a**3/6 + 16*a**2. Calculate the remainder when m(0) is divided by g.
9
Let v = -13 - -37. Let t(l) be the first derivative of -3*l**2 - 23*l + 32. Calculate the remainder when v is divided by t(-6).
11
Suppose m + 2*l - 10 = 0, -4*l = l - 5. Suppose 0 = -9*h + 4*h - 3*r + 231, 0 = -h + r + 43. What is the remainder when h is divided by m*4/(-6)*-3?
13
Suppose 21*g + 900 = 27*g. What is the remainder when g is divided by 14?
10
Suppose 6*g - 4*g = -38. Let c = g + 37. Suppose 66 = -3*n + 171. Calculate the remainder when n is divided by c.
17
Let u(k) = k**3 - 38*k**2 + 86*k + 142. What is the remainder when u(36) is divided by 81?
79
Suppose 5*i - 7 = -2*o - 1, 5*i = 0. What is the remainder when 20 is divided by 6 - 2 - (-4 - o)?
9
Suppose 12 = -2*b + 8. Let l(v) = v - 1. Let h(d) = 8*d + 2. Let p(i) = -h(i) + l(i). Calculate the remainder when p(b) is divided by 4.
3
Suppose 5*f - 25 = 0, 2*w = -2*w - f + 17. Let q(l) = 13*l + 1. Calculate the remainder when 79 is divided by q(w).
39
Suppose 2*h - 4*h + 22 = 0. Let v be (3/2)/(10/20). Suppose x - 89 = -v*y, x - 42 = -2*y + 17. What is the remainder when y is divided by h?
8
Suppose -f - 10 - 90 = 0. Let z = 113 + f. What is the remainder when 61 is divided by z?
9
Let a = -473 + 888. Calculate the remainder when a is divided by 104.
103
Suppose -104 = 2*m + 2*m. Let u = m + 79. Calculate the remainder when u is divided by 14.
11
Suppose 343 = 13*r + 122. What is the remainder when r is divided by 3?
2
Let m = 139 + -129. What is the